{"id":3,"date":"2024-01-27T15:51:28","date_gmt":"2024-01-27T15:51:28","guid":{"rendered":"https:\/\/vorschau.pfadwind.de\/?page_id=3"},"modified":"2024-01-27T21:43:01","modified_gmt":"2024-01-27T21:43:01","slug":"privacy-policy","status":"publish","type":"page","link":"https:\/\/vorschau.pfadwind.de\/?page_id=3","title":{"rendered":"Impressum &#038; Datenschutz"},"content":{"rendered":"\n<p><strong>Pfadwind e.V.<\/strong><br>Dorfstra\u00dfe 5a<br>31619 Binnen\/B\u00fchren<br><br>Vorstand: Jan-Christoph Peters, Felix Neumann<br>Registernummer: VR 201430<br><br>Tele\u00adfon: +49 162 4437110<br>E-Mail:&nbsp;<a href=\"mailto:info@pfadwind.de\">info@pfadwind.de<\/a><br><br>Wir sind nicht bereit oder verpflichtet, an Stre\u00adit\u00adbei\u00adle\u00adgungsver\u00adfahren vor einer Ver\u00adbrauch\u00ader\u00adschlich\u00adtungsstelle teilzunehmen.<\/p>\n\n\n\n<h2 class=\"wp-block-heading\">HAFTUNG<\/h2>\n\n\n\n<p>Als Di\u00aden\u00adstean\u00adbi\u00adeter sind wir gem\u00e4\u00df \u00a7 7 Abs.1 TMG f\u00fcr eigene In\u00adhalte auf diesen Seiten nach den all\u00adge\u00admeinen Geset\u00adzen ve\u00adr\u00adant\u00adwortlich. Nach \u00a7\u00a7 8 bis 10 TMG sind wir als Di\u00aden\u00adstean\u00adbi\u00adeter je\u00addoch nicht verpflichtet, \u00fcbermit\u00adtelte oder gespe\u00adicherte fremde In\u00adfor\u00adma\u00adtio\u00adnen zu \u00fcberwachen oder nach Umst\u00e4nden zu forschen, die auf eine rechtswidrige T\u00e4tigkeit hin\u00adweisen.<\/p>\n\n\n\n<p>Verpflich\u00adtun\u00adgen zur Ent\u00adfer\u00adnung oder Sper\u00adrung der Nutzung von In\u00adfor\u00adma\u00adtio\u00adnen nach den all\u00adge\u00admeinen Geset\u00adzen bleiben hi\u00ader\u00advon unber\u00fchrt. Eine dies\u00adbez\u00fcgliche Haf\u00adtung ist je\u00addoch erst ab dem Zeit\u00adpunkt der Ken\u00adnt\u00adnis einer konkreten Rechtsver\u00adlet\u00adzung m\u00f6glich. Bei Bekan\u00adntwer\u00adden von entsprechen\u00adden Rechtsver\u00adlet\u00adzun\u00adgen wer\u00adden wir diese In\u00adhalte umge\u00adhend ent\u00adfer\u00adnen.<\/p>\n\n\n\n<p>Unser Ange\u00adbot enth\u00e4lt Links zu ex\u00adter\u00adnen Web\u00adseiten Drit\u00adter, auf deren In\u00adhalte wir keinen Ein\u00adfluss haben. De\u00adshalb k\u00f6nnen wir f\u00fcr diese frem\u00adden In\u00adhalte auch keine Gew\u00e4hr \u00fcbernehmen. F\u00fcr die In\u00adhalte der ver\u00adlink\u00adten Seiten ist stets der jew\u00adeilige An\u00adbi\u00adeter oder Be\u00adtreiber der Seiten ve\u00adr\u00adant\u00adwortlich. Die ver\u00adlink\u00adten Seiten wur\u00adden zum Zeit\u00adpunkt der Ver\u00adlinkung auf m\u00f6gliche Rechtsverst\u00f6\u00dfe \u00fcberpr\u00fcft. Rechtswidrige In\u00adhalte waren zum Zeit\u00adpunkt der Ver\u00adlinkung nicht erkennbar.<\/p>\n\n\n\n<p>Eine per\u00adma\u00adnente in\u00adhaltliche Kon\u00adtrolle der ver\u00adlink\u00adten Seiten ist je\u00addoch ohne konkrete An\u00adhalt\u00adspunkte einer Rechtsver\u00adlet\u00adzung nicht zu\u00admut\u00adbar. Bei Bekan\u00adntwer\u00adden von Rechtsver\u00adlet\u00adzun\u00adgen wer\u00adden wir de\u00adr\u00adar\u00adtige Links umge\u00adhend ent\u00adfer\u00adnen.<\/p>\n\n\n\n<h2 class=\"wp-block-heading\">DATENSCHUTZ<\/h2>\n\n\n\n<p>Die Be\u00adtreiber dieser Seiten nehmen den Schutz Ihrer pers\u00f6nlichen Daten sehr ernst. Wir be\u00adhan\u00addeln Ihre per\u00adso\u00adn\u00aden\u00adbe\u00adzo\u00adge\u00adnen Daten ver\u00adtraulich und entsprechend der geset\u00adzlichen Daten\u00adschutzvorschriften sowie dieser Daten\u00adschutzerkl\u00e4rung.<\/p>\n\n\n\n<p>Die Nutzung un\u00adserer Web\u00adseite ist in der Regel ohne Angabe per\u00adso\u00adn\u00aden\u00adbe\u00adzo\u00adgener Daten m\u00f6glich. Soweit auf un\u00adseren Seiten per\u00adso\u00adn\u00aden\u00adbe\u00adzo\u00adgene Daten (beispiel\u00adsweise Name, An\u00adschrift oder E-Mail-Adressen) er\u00adhoben wer\u00adden, er\u00adfolgt dies, soweit m\u00f6glich, stets auf frei\u00adwilliger Basis. Diese Daten wer\u00adden ohne Ihre ausdr\u00fcck\u00adliche Zus\u00adtim\u00admung nicht an Dritte weit\u00adergegeben.<\/p>\n\n\n\n<p>Wir weisen da\u00adrauf hin, dass die Daten\u00fcbertra\u00adgung im In\u00adter\u00adnet (z.B. bei der Kom\u00admu\u00adnika\u00adtion per E-Mail) Sicher\u00adheitsl\u00fccken aufweisen kann. Ein l\u00fcck\u00aden\u00adloser Schutz der Daten vor dem Zu\u00adgriff durch Dritte ist nicht m\u00f6glich.<\/p>\n\n\n\n<h3 class=\"wp-block-heading\">COOKIES<\/h3>\n\n\n\n<p>Die In\u00adter\u00adnet\u00adseiten ver\u00adwen\u00adden teil\u00adweise so genan\u00adnte Cook\u00adies. Diese richten auf Ihrem Rech\u00adner keinen Schaden an und en\u00adthal\u00adten keine Viren. Sie di\u00adenen dazu, unser Ange\u00adbot nutzer\u00adfre\u00adundlicher, ef\u00adfek\u00adtiver und sicherer zu machen. Cook\u00adies sind kleine Text\u00addateien, die auf Ihrem Rech\u00adner abgelegt wer\u00adden und die Ihr Browser spe\u00adichert.<\/p>\n\n\n\n<p>Sie k\u00f6nnen Ihren Browser so ein\u00adstellen, dass Sie \u00fcber das Set\u00adzen von Cook\u00adies in\u00adformiert wer\u00adden und Cook\u00adies nur im Einzelfall er\u00adlauben, die An\u00adnahme von Cook\u00adies f\u00fcr bes\u00adtimmte F\u00e4lle oder generell auss\u00adchlie\u00dfen sowie das au\u00adtoma\u00adtis\u00adche L\u00f6schen der Cook\u00adies beim Schlie\u00dfen des Browser ak\u00adtivieren. Bei der Deak\u00adtivierung von Cook\u00adies kann die Funk\u00adtion\u00adalit\u00e4t dieser Web\u00adsite eingeschr\u00e4nkt sein.<\/p>\n\n\n\n<h3 class=\"wp-block-heading\">SERVER LOGS<\/h3>\n\n\n\n<p>Der Provider der Seiten er\u00adhebt und spe\u00adichert au\u00adtoma\u00adtisch In\u00adfor\u00adma\u00adtio\u00adnen in so genan\u00adnten Server-Log Files, die Ihr Browser au\u00adtoma\u00adtisch an uns \u00fcbermit\u00adtelt. Dies sind:<\/p>\n\n\n\n<p>&#8211; Browser\u00adtyp und Browserver\u00adsion<br>&#8211; ver\u00adwen\u00addetes Be\u00adtrieb\u00adssys\u00adtem<br>&#8211; Re\u00adfer\u00adrer URL<br>&#8211; Host\u00adname des zu\u00adgreifenden Rech\u00adn\u00aders<br>&#8211; Uhrzeit der Server\u00adan\u00adfrage<\/p>\n\n\n\n<p>Diese Daten sind nicht bes\u00adtimmten Per\u00adso\u00adnen zuor\u00adden\u00adbar. Eine Zusam\u00admenf\u00fchrung dieser Daten mit an\u00adderen Daten\u00adquellen wird nicht vorgenom\u00admen. Wir be\u00adhal\u00adten uns vor, diese Daten nachtr\u00e4glich zu pr\u00fcfen, wenn uns konkrete An\u00adhalt\u00adspunkte f\u00fcr eine rechtswidrige Nutzung bekannt wer\u00adden.<\/p>\n\n\n\n<h3 class=\"wp-block-heading\">GOOGLE ANALYTICS<\/h3>\n\n\n\n<p>Diese Web\u00adsite nutzt Funk\u00adtio\u00adnen des We\u00adb\u00adanalyse\u00addi\u00aden\u00adstes Google An\u00ada\u00adlyt\u00adics. An\u00adbi\u00adeter ist die Google Inc., 1600 Am\u00adphithe\u00adatre Park\u00adway Moun\u00adtain View, CA 94043, USA.&nbsp; Mehr In\u00adfor\u00adma\u00adtio\u00adnen zum Um\u00adgang mit Nutzer\u00addaten bei Google An\u00ada\u00adlyt\u00adics finden Sie in der&nbsp;<a href=\"https:\/\/support.google.com\/analytics\/answer\/6004245?hl=de\">Daten\u00adschutzerkl\u00e4rung von Google<\/a>.<\/p>\n","protected":false},"excerpt":{"rendered":"<p>Pfadwind e.V.Dorfstra\u00dfe 5a31619 Binnen\/B\u00fchren Vorstand: Jan-Christoph Peters, Felix NeumannRegisternummer: VR 201430 Tele\u00adfon: +49 162 4437110E-Mail:&nbsp;info@pfadwind.de Wir sind nicht bereit oder verpflichtet, an Stre\u00adit\u00adbei\u00adle\u00adgungsver\u00adfahren vor einer Ver\u00adbrauch\u00ader\u00adschlich\u00adtungsstelle teilzunehmen. HAFTUNG Als Di\u00aden\u00adstean\u00adbi\u00adeter sind wir gem\u00e4\u00df \u00a7 7 Abs.1 TMG f\u00fcr eigene In\u00adhalte auf diesen Seiten nach den all\u00adge\u00admeinen Geset\u00adzen ve\u00adr\u00adant\u00adwortlich. Nach \u00a7\u00a7 8 bis 10 TMG sind [&hellip;]<\/p>\n","protected":false},"author":1,"featured_media":0,"parent":0,"menu_order":0,"comment_status":"closed","ping_status":"closed","template":"","meta":{"footnotes":""},"_links":{"self":[{"href":"https:\/\/vorschau.pfadwind.de\/index.php?rest_route=\/wp\/v2\/pages\/3"}],"collection":[{"href":"https:\/\/vorschau.pfadwind.de\/index.php?rest_route=\/wp\/v2\/pages"}],"about":[{"href":"https:\/\/vorschau.pfadwind.de\/index.php?rest_route=\/wp\/v2\/types\/page"}],"author":[{"embeddable":true,"href":"https:\/\/vorschau.pfadwind.de\/index.php?rest_route=\/wp\/v2\/users\/1"}],"replies":[{"embeddable":true,"href":"https:\/\/vorschau.pfadwind.de\/index.php?rest_route=%2Fwp%2Fv2%2Fcomments&post=3"}],"version-history":[{"count":1,"href":"https:\/\/vorschau.pfadwind.de\/index.php?rest_route=\/wp\/v2\/pages\/3\/revisions"}],"predecessor-version":[{"id":21,"href":"https:\/\/vorschau.pfadwind.de\/index.php?rest_route=\/wp\/v2\/pages\/3\/revisions\/21"}],"wp:attachment":[{"href":"https:\/\/vorschau.pfadwind.de\/index.php?rest_route=%2Fwp%2Fv2%2Fmedia&parent=3"}],"curies":[{"name":"wp","href":"https:\/\/api.w.org\/{rel}","templated":true}]}}